{"id":1788,"date":"2020-08-18T11:01:25","date_gmt":"2020-08-18T11:01:25","guid":{"rendered":"https:\/\/bookexperience.aralleida.cat\/producte\/natura-y-cultura-en-el-pla-durgell\/"},"modified":"2021-12-17T09:31:39","modified_gmt":"2021-12-17T09:31:39","slug":"natura-y-cultura-en-el-pla-durgell","status":"publish","type":"product","link":"https:\/\/bookexperience.aralleida.cat\/es\/producte\/natura-y-cultura-en-el-pla-durgell\/","title":{"rendered":"Natura y Cultura en el Pla d\u2019Urgell"},"content":{"rendered":"<ul>\n<li>Precio por persona. M\u00ednimo 2 personas (consulta los precios en nuestra web).<\/li>\n<li>Toda reserva queda bajo petici\u00f3n seg\u00fan disponibilidad.<\/li>\n<li>La compra de la experiencia tiene una validez de 12 meses desde el momento de su compra.<\/li>\n<li>Todos los desplazamientos se har\u00e1n con medios propios del cliente.<\/li>\n<\/ul>\n","protected":false},"excerpt":{"rendered":"<p><strong>Fin de semana para conocer la riqueza del agua a trav\u00e9s de la riqueza paisaj\u00edstica del Lago de Ivars y Vila-sana, el espacio cultural Canales de Urgell y el Museo de los Vestidos de Papel.<\/strong><\/p>\n<p>&nbsp;<\/p>\n<h4>El paquete incluye<\/h4>\n<ul>\n<li>1 noche de alojamiento en habitaci\u00f3n doble y desayuno en el Hotel Jard\u00ed de Mollerussa.<\/li>\n<li>Visita guiada al <strong>Lago de Ivars y Vila-sana<\/strong>, el lago interior m\u00e1s grande de Catalu\u00f1a y el cual acoge una importante diversidad biol\u00f3gica.<\/li>\n<li>Visita al <strong>Espacio Cultural del Canal de Urgell<\/strong>, un recorrido que ayuda a entender el antes, el durante y el despu\u00e9s del territorio con la construcci\u00f3n del Canal de Urgell.<\/li>\n<li>Visita al <strong>Museo de los Vestidos de Papel<\/strong> de Mollerussa, un museo fruto del concurso bandera de la ciudad en el que el papel pasa a ser el protagonista de la pasarela.<\/li>\n<li>Cena en un restaurante de Mollerussa.<\/li>\n<li>Seguro b\u00e1sico de asistencia en viaje.<\/li>\n<\/ul>\n","protected":false},"featured_media":1775,"comment_status":"open","ping_status":"closed","template":"","meta":{"_acf_changed":false},"product_brand":[],"product_cat":[46,50,93],"product_tag":[],"class_list":{"0":"post-1788","1":"product","2":"type-product","3":"status-publish","4":"has-post-thumbnail","6":"product_cat-cultura-es","7":"product_cat-natura-es","8":"product_cat-pla-durgell-es","10":"first","11":"instock","12":"shipping-taxable","13":"product-type-simple"},"acf":[],"_links":{"self":[{"href":"https:\/\/bookexperience.aralleida.cat\/es\/wp-json\/wp\/v2\/product\/1788","targetHints":{"allow":["GET"]}}],"collection":[{"href":"https:\/\/bookexperience.aralleida.cat\/es\/wp-json\/wp\/v2\/product"}],"about":[{"href":"https:\/\/bookexperience.aralleida.cat\/es\/wp-json\/wp\/v2\/types\/product"}],"replies":[{"embeddable":true,"href":"https:\/\/bookexperience.aralleida.cat\/es\/wp-json\/wp\/v2\/comments?post=1788"}],"version-history":[{"count":1,"href":"https:\/\/bookexperience.aralleida.cat\/es\/wp-json\/wp\/v2\/product\/1788\/revisions"}],"predecessor-version":[{"id":4304,"href":"https:\/\/bookexperience.aralleida.cat\/es\/wp-json\/wp\/v2\/product\/1788\/revisions\/4304"}],"wp:featuredmedia":[{"embeddable":true,"href":"https:\/\/bookexperience.aralleida.cat\/es\/wp-json\/wp\/v2\/media\/1775"}],"wp:attachment":[{"href":"https:\/\/bookexperience.aralleida.cat\/es\/wp-json\/wp\/v2\/media?parent=1788"}],"wp:term":[{"taxonomy":"product_brand","embeddable":true,"href":"https:\/\/bookexperience.aralleida.cat\/es\/wp-json\/wp\/v2\/product_brand?post=1788"},{"taxonomy":"product_cat","embeddable":true,"href":"https:\/\/bookexperience.aralleida.cat\/es\/wp-json\/wp\/v2\/product_cat?post=1788"},{"taxonomy":"product_tag","embeddable":true,"href":"https:\/\/bookexperience.aralleida.cat\/es\/wp-json\/wp\/v2\/product_tag?post=1788"}],"curies":[{"name":"wp","href":"https:\/\/api.w.org\/{rel}","templated":true}]}}

<ul>
<li>Precio por persona. Mínimo 2 personas (consulta los precios en nuestra web).</li>
<li>Toda reserva queda bajo petición según disponibilidad.</li>
<li>La compra de la experiencia tiene una validez de 12 meses desde el momento de su compra.</li>
<li>Todos los desplazamientos se harán con medios propios del cliente.</li>
</ul>

<p><strong>Fin de semana para conocer la riqueza del agua a través de la riqueza paisajística del Lago de Ivars y Vila-sana, el espacio cultural Canales de Urgell y el Museo de los Vestidos de Papel.</strong></p>
<p>&nbsp;</p>
<h4>El paquete incluye</h4>
<ul>
<li>1 noche de alojamiento en habitación doble y desayuno en el Hotel Jardí de Mollerussa.</li>
<li>Visita guiada al <strong>Lago de Ivars y Vila-sana</strong>, el lago interior más grande de Cataluña y el cual acoge una importante diversidad biológica.</li>
<li>Visita al <strong>Espacio Cultural del Canal de Urgell</strong>, un recorrido que ayuda a entender el antes, el durante y el después del territorio con la construcción del Canal de Urgell.</li>
<li>Visita al <strong>Museo de los Vestidos de Papel</strong> de Mollerussa, un museo fruto del concurso bandera de la ciudad en el que el papel pasa a ser el protagonista de la pasarela.</li>
<li>Cena en un restaurante de Mollerussa.</li>
<li>Seguro básico de asistencia en viaje.</li>
</ul>
