{"id":4501,"date":"2022-11-14T12:35:39","date_gmt":"2022-11-14T12:35:39","guid":{"rendered":"https:\/\/bookexperience.aralleida.cat\/producte\/fonda-e-bike\/"},"modified":"2022-11-14T12:35:39","modified_gmt":"2022-11-14T12:35:39","slug":"fonda-e-bike","status":"publish","type":"product","link":"https:\/\/bookexperience.aralleida.cat\/es\/producte\/fonda-e-bike\/","title":{"rendered":"Fonda &#038; E-Bike"},"content":{"rendered":"<p><strong>CANCELACIONES O CAMBIOS DE FECHA:<\/strong><\/p>\n<p><strong>Cancelaciones por otras causas:<\/strong><\/p>\n<p>Si cancela con menos de 48 h de antelaci\u00f3n se cobrar\u00e1 el 100% de la reserva.<\/p>\n<p>Si cancela con menos de 72 h de antelaci\u00f3n se cobrar\u00e1 el 50% de la reserva.<\/p>\n<p>Si cancela con m\u00e1s de 73 h de antelaci\u00f3n se reintegrar\u00e1 el 100% de la reserva.<\/p>\n<p>Se podr\u00e1n realizar cambios de fecha siempre y cuando haya disponibilidad de los servicios y se realice con suficiente antelaci\u00f3n.<\/p>\n","protected":false},"excerpt":{"rendered":"<p>Ciclismo y Pirineo, descubre el Pallars a tu ritmo y libremente con esta oferta, <strong>dos noches de alojamiento en Fonda Fasersia<\/strong>\u00a0y\u00a0<strong>un d\u00eda y medio de alquiler de Bicicletas el\u00e9ctricas de ultima generaci\u00f3n<\/strong>\u00a0para disfrutar de las monta\u00f1as del pre-pirineo.<\/p>\n<p>Incluye<\/p>\n<ul>\n<li>2 noches de alojamiento en Fonda Fasersia<\/li>\n<li>1 d\u00eda y medio de alquiler de bicicletas el\u00e9ctricas de \u00faltima generaci\u00f3n.<\/li>\n<\/ul>\n","protected":false},"featured_media":4497,"comment_status":"open","ping_status":"closed","template":"","meta":{"_acf_changed":false},"product_brand":[],"product_cat":[50,92,52,42],"product_tag":[],"class_list":{"0":"post-4501","1":"product","2":"type-product","3":"status-publish","4":"has-post-thumbnail","6":"product_cat-natura-es","7":"product_cat-pallars-jussa-es","8":"product_cat-rutes-es","9":"product_cat-turismo-activo-deporte","11":"first","12":"instock","13":"shipping-taxable","14":"product-type-simple"},"acf":[],"_links":{"self":[{"href":"https:\/\/bookexperience.aralleida.cat\/es\/wp-json\/wp\/v2\/product\/4501","targetHints":{"allow":["GET"]}}],"collection":[{"href":"https:\/\/bookexperience.aralleida.cat\/es\/wp-json\/wp\/v2\/product"}],"about":[{"href":"https:\/\/bookexperience.aralleida.cat\/es\/wp-json\/wp\/v2\/types\/product"}],"replies":[{"embeddable":true,"href":"https:\/\/bookexperience.aralleida.cat\/es\/wp-json\/wp\/v2\/comments?post=4501"}],"version-history":[{"count":0,"href":"https:\/\/bookexperience.aralleida.cat\/es\/wp-json\/wp\/v2\/product\/4501\/revisions"}],"wp:featuredmedia":[{"embeddable":true,"href":"https:\/\/bookexperience.aralleida.cat\/es\/wp-json\/wp\/v2\/media\/4497"}],"wp:attachment":[{"href":"https:\/\/bookexperience.aralleida.cat\/es\/wp-json\/wp\/v2\/media?parent=4501"}],"wp:term":[{"taxonomy":"product_brand","embeddable":true,"href":"https:\/\/bookexperience.aralleida.cat\/es\/wp-json\/wp\/v2\/product_brand?post=4501"},{"taxonomy":"product_cat","embeddable":true,"href":"https:\/\/bookexperience.aralleida.cat\/es\/wp-json\/wp\/v2\/product_cat?post=4501"},{"taxonomy":"product_tag","embeddable":true,"href":"https:\/\/bookexperience.aralleida.cat\/es\/wp-json\/wp\/v2\/product_tag?post=4501"}],"curies":[{"name":"wp","href":"https:\/\/api.w.org\/{rel}","templated":true}]}}

<p><strong>CANCELACIONES O CAMBIOS DE FECHA:</strong></p>
<p><strong>Cancelaciones por otras causas:</strong></p>
<p>Si cancela con menos de 48 h de antelación se cobrará el 100% de la reserva.</p>
<p>Si cancela con menos de 72 h de antelación se cobrará el 50% de la reserva.</p>
<p>Si cancela con más de 73 h de antelación se reintegrará el 100% de la reserva.</p>
<p>Se podrán realizar cambios de fecha siempre y cuando haya disponibilidad de los servicios y se realice con suficiente antelación.</p>

<p>Ciclismo y Pirineo, descubre el Pallars a tu ritmo y libremente con esta oferta, <strong>dos noches de alojamiento en Fonda Fasersia</strong> y <strong>un día y medio de alquiler de Bicicletas eléctricas de ultima generación</strong> para disfrutar de las montañas del pre-pirineo.</p>
<p>Incluye</p>
<ul>
<li>2 noches de alojamiento en Fonda Fasersia</li>
<li>1 día y medio de alquiler de bicicletas eléctricas de última generación.</li>
</ul>
