{"id":4552,"date":"2022-11-16T09:25:32","date_gmt":"2022-11-16T09:25:32","guid":{"rendered":"https:\/\/bookexperience.aralleida.cat\/producte\/semana-de-esqui-al-completo\/"},"modified":"2022-11-16T09:25:32","modified_gmt":"2022-11-16T09:25:32","slug":"semana-de-esqui-al-completo","status":"publish","type":"product","link":"https:\/\/bookexperience.aralleida.cat\/es\/producte\/semana-de-esqui-al-completo\/","title":{"rendered":"Semana de Esqu\u00ed al completo"},"content":{"rendered":"<p><strong>FORFAITS<\/strong><\/p>\n<p>S\u00f3lo se devolver\u00e1 el importe del forfait en caso de que la estaci\u00f3n est\u00e9 cerrada. En ning\u00fan caso se devolver\u00e1 por malas condiciones meteorol\u00f3gicas.<\/p>\n<p>&nbsp;<\/p>\n<p><strong>CANCELACIONES O CAMBIOS DE FECHA:<\/strong><\/p>\n<p><strong>Cancelaciones por otras causas:<\/strong><\/p>\n<p>Si cancela con menos de 48 h de antelaci\u00f3n se cobrar\u00e1 el 100% de la reserva.<\/p>\n<p>Si cancela con menos de 72 h de antelaci\u00f3n se cobrar\u00e1 el 50% de la reserva.<\/p>\n<p>Si cancela con m\u00e1s de 73 h de antelaci\u00f3n se reintegrar\u00e1 el 100% de la reserva.<\/p>\n<p>Se podr\u00e1n realizar cambios de fecha siempre y cuando haya disponibilidad de los servicios y se realice con suficiente antelaci\u00f3n.<\/p>\n","protected":false},"excerpt":{"rendered":"<p>Vuela a Barcelona y disfruta de una semana de esqu\u00ed con este paquete de<strong>\u00a0deporte, sabores y cultura.<\/strong><\/p>\n<p>Dispondr\u00e1s de un\u00a0<strong>coche de alquiler durante siete d\u00edas<\/strong>\u00a0para desplazarte libremente por el territorio pirinaico reservado para ti en el aeropuerto de Barcelona.<\/p>\n<p><strong>6 noches de alojamiento a elegir<\/strong>\u00a0entre\u00a02 fant\u00e1sticos hoteles ubicados en el pueblo de Sort y\u00a0a escasos kil\u00f3metros de las estaciones de esqu\u00ed.<\/p>\n<p><strong>5 d\u00edas de forfait en las estaciones de esqu\u00ed<\/strong>\u00a0de Espot y Port Ain\u00e9<\/p>\n<p><strong>Alquiler de material incluido<\/strong>\u00a0(esqu\u00ed\/snow\/monta\u00f1a).<\/p>\n<p>Y para disfrutar de una semana completa, se incluyen\u00a0<strong>dos actividades variadas<\/strong>\u00a0para hacer m\u00e1s amena\u00a0tu estancia:<\/p>\n<ul>\n<li><strong>Degustaci\u00f3n de quesos del territorio con copa de vino.<\/strong><\/li>\n<li><strong>Visita al Ecomuseo de les Valls d&#8217;\u00c0neu.<\/strong><\/li>\n<\/ul>\n","protected":false},"featured_media":4548,"comment_status":"open","ping_status":"closed","template":"","meta":{"_acf_changed":false},"product_brand":[],"product_cat":[46,48,50,69,104,42],"product_tag":[],"class_list":{"0":"post-4552","1":"product","2":"type-product","3":"status-publish","4":"has-post-thumbnail","6":"product_cat-cultura-es","7":"product_cat-gastronomia-es","8":"product_cat-natura-es","9":"product_cat-nieve-es","10":"product_cat-pallars-sobira-es","11":"product_cat-turismo-activo-deporte","13":"first","14":"instock","15":"shipping-taxable","16":"product-type-simple"},"acf":[],"_links":{"self":[{"href":"https:\/\/bookexperience.aralleida.cat\/es\/wp-json\/wp\/v2\/product\/4552","targetHints":{"allow":["GET"]}}],"collection":[{"href":"https:\/\/bookexperience.aralleida.cat\/es\/wp-json\/wp\/v2\/product"}],"about":[{"href":"https:\/\/bookexperience.aralleida.cat\/es\/wp-json\/wp\/v2\/types\/product"}],"replies":[{"embeddable":true,"href":"https:\/\/bookexperience.aralleida.cat\/es\/wp-json\/wp\/v2\/comments?post=4552"}],"version-history":[{"count":0,"href":"https:\/\/bookexperience.aralleida.cat\/es\/wp-json\/wp\/v2\/product\/4552\/revisions"}],"wp:featuredmedia":[{"embeddable":true,"href":"https:\/\/bookexperience.aralleida.cat\/es\/wp-json\/wp\/v2\/media\/4548"}],"wp:attachment":[{"href":"https:\/\/bookexperience.aralleida.cat\/es\/wp-json\/wp\/v2\/media?parent=4552"}],"wp:term":[{"taxonomy":"product_brand","embeddable":true,"href":"https:\/\/bookexperience.aralleida.cat\/es\/wp-json\/wp\/v2\/product_brand?post=4552"},{"taxonomy":"product_cat","embeddable":true,"href":"https:\/\/bookexperience.aralleida.cat\/es\/wp-json\/wp\/v2\/product_cat?post=4552"},{"taxonomy":"product_tag","embeddable":true,"href":"https:\/\/bookexperience.aralleida.cat\/es\/wp-json\/wp\/v2\/product_tag?post=4552"}],"curies":[{"name":"wp","href":"https:\/\/api.w.org\/{rel}","templated":true}]}}

Semana de Esquí al completo

<p><strong>FORFAITS</strong></p>
<p>Sólo se devolverá el importe del forfait en caso de que la estación esté cerrada. En ningún caso se devolverá por malas condiciones meteorológicas.</p>
<p>&nbsp;</p>
<p><strong>CANCELACIONES O CAMBIOS DE FECHA:</strong></p>
<p><strong>Cancelaciones por otras causas:</strong></p>
<p>Si cancela con menos de 48 h de antelación se cobrará el 100% de la reserva.</p>
<p>Si cancela con menos de 72 h de antelación se cobrará el 50% de la reserva.</p>
<p>Si cancela con más de 73 h de antelación se reintegrará el 100% de la reserva.</p>
<p>Se podrán realizar cambios de fecha siempre y cuando haya disponibilidad de los servicios y se realice con suficiente antelación.</p>

<p>Vuela a Barcelona y disfruta de una semana de esquí con este paquete de<strong> deporte, sabores y cultura.</strong></p>
<p>Dispondrás de un <strong>coche de alquiler durante siete días</strong> para desplazarte libremente por el territorio pirinaico reservado para ti en el aeropuerto de Barcelona.</p>
<p><strong>6 noches de alojamiento a elegir</strong> entre 2 fantásticos hoteles ubicados en el pueblo de Sort y a escasos kilómetros de las estaciones de esquí.</p>
<p><strong>5 días de forfait en las estaciones de esquí</strong> de Espot y Port Ainé</p>
<p><strong>Alquiler de material incluido</strong> (esquí/snow/montaña).</p>
<p>Y para disfrutar de una semana completa, se incluyen <strong>dos actividades variadas</strong> para hacer más amena tu estancia:</p>
<ul>
<li><strong>Degustación de quesos del territorio con copa de vino.</strong></li>
<li><strong>Visita al Ecomuseo de les Valls d&#8217;Àneu.</strong></li>
</ul>
